f(u)?
9
Let r(w) = -2*w. Let o(v) = -v**2 + 5*v + 6. Let y be o(5). Let u(q) = 7 + 1 + y - q**2 + 3 - 2*q. Let x be u(-5). Calculate r(x).
-4
Let z(y) = 7*y + 10. Let x(w) = -12*w - 18. Let r(v) = -4*x(v) - 7*z(v). Determine r(0).
2
Let b = -1169 - -1172. Let s(i) be the first derivative of i**2 - 4 + 1/3*i**b + 0*i. Calculate s(2).
8
Let j(l) be the first derivative of 5*l**2/2 + 4*l - 53. What is j(-3)?
-11
Let m(j) = j - 3. Suppose -9 = 3*s + 6, 2*s + 18 = 2*l. Let w be (-1)/(l/(-12)*1). Suppose -16 = -u - w*u. Give m(u).
1
Let z(a) = -a - 17. Let q be z(-10). Suppose 2 = -k - 8. Let y = k - q. Let v(f) = 2*f - 3. Give v(y).
-9
Let n be 90/(-15)*2/(-4). Let p(z) = 3 - 411*z**n + 3*z**2 + 412*z**3 - 4 + z**2 - 6*z. Give p(-5).
4
Let k(i) = 2*i**2 + 6*i + 1. Let z(h) = 8*h - 53. Let w be z(6). Determine k(w).
21
Let u(o) = -81*o + 46*o + 37*o - 3. Calculate u(9).
15
Let o(m) = -17*m**2. Let z be (-5)/15 + 124/3. Let h = z + -42. Calculate o(h).
-17
Suppose -289 + 314 = -5*q. Let w(g) = -g**2 - 5*g + 5. What is w(q)?
5
Let z be (3*(-50)/3)/(-2). Suppose -z = -4*r - 5. Let i(m) = -4*m - 1. Let h(w) = 7*w + 2. Let d(t) = 3*h(t) + 5*i(t). Determine d(r).
6
Let q(u) = 1 + 38*u - 14*u - 2 - 25*u. Let o be q(1). Let c(r) = 5*r + 2. Give c(o).
-8
Let r(q) be the third derivative of 1/120*q**6 + 0*q - 7/60*q**5 + 0 - 8*q**2 + 2/3*q**3 - 3/8*q**4. Give r(8).
-4
Suppose -h = -4*c + 24, -2*h + 2*c - 22 = h. Let z be 5/2*h/(-5). Let u be (-4)/(z*(-4)/(-12)). Let k(t) = -t**3 - 5*t**2 + 7*t - 4. Give k(u).
-10
Suppose 156 = 10*s - 16*s. Let w = -26 - s. Let v(n) = -5*n - 13. Let z(j) = -4*j - 12. Let f(r) = 3*v(r) - 4*z(r). Calculate f(w).
9
Let g(h) be the second derivative of h**5/20 - 2*h**4 + h**3/6 - 25*h**2/2 + 187*h. Determine g(24).
-1
Let a(r) be the third derivative of -7*r**4/24 + r**3/6 + 15*r**2. Suppose -2*o + 13 = 3*v, -5*v - 2*o + 20 = o. What is a(v)?
-6
Let f(m) = -3*m**3 + 16*m**2 + 25*m - 22. Let s(d) = 2*d**3 - 11*d**2 - 17*d + 15. Let i(v) = -5*f(v) - 7*s(v). What is i(4)?
-3
Suppose -25 = -3*p - 2*p. Let c(n) = 8 + n + 6 + p*n + n**3 - 15 + 7*n**2. Determine c(-5).
19
Let i(v) = v**2 + 12*v + 5. Let c = -943 - -931. Calculate i(c).
5
Let z(d) = 4*d - 1. Let c(a) = -11*a + 3. Let w(k) = -3*c(k) - 8*z(k). Suppose -t - 5*b = t - 27, 2*t = 4*b - 18. Let u be 2*-2*t/2 - -1. Calculate w(u).
-2
Let p be (0 - 0)*16/32. Let g(r) = 3 - 8*r + p - 1 + r**3 + 7*r**2. Give g(-8).
2
Let c(o) = o**3 - 9*o**2 + 7*o + 3. Suppose v + 4 = t, -3*t - 6*v + 10*v = -8. Calculate c(t).
-5
Suppose 12 = -3*d, -4*m - d = 3*d + 8. Let i(f) = -37*f + 3*f**2 + 27*f - 2*f**2 + 0*f**m + 10. Determine i(8).
-6
Suppose 5*s = 2*d + 4, -2*d - 2*s + 1 = 5. Let z(r) = 3*r**2 - 88 + 182 + 2*r - 96. Give z(d).
6
Let v be (-26)/(-7) - 2/(-7). Let b(n) be the first derivative of n**3/3 - 5*n**2/2 - 2*n + 84. Determine b(v).
-6
Suppose r + f = -16 + 38, 116 = 5*r - f. Suppose 5*v = -8 + r. Let k(b) = 5*b + 0*b**2 - 5*b**2 + 5*b**3 + 10*b**2 - 4*b**v. What is k(-4)?
-4
Let o(y) = -y**2 - 14*y - 40 - 17*y + 13*y. Determine o(-16).
-8
Let i = 150 + -151. Let g be i*10/(-15)*-6. Let r(w) = -w + 1. Let q(z) = -2*z + 6. Let l(x) = q(x) - 4*r(x). Give l(g).
-6
Let v(w) be the third derivative of -w**6/360 + w**5/40 + w**4/6 + 11*w**3/3 + 4*w**2. Let f(d) be the first derivative of v(d). Calculate f(3).
4
Let k(w) = 14 - 9 + 0 - 4 - 2*w. Suppose -4*y = -y - 24. Let f be (-2)/y - 68/(-16). Give k(f).
-7
Let o(p) = 7*p - 14*p**2 - 4 - 6*p**2 + 21*p**2. Let b be o(-7). Let y(j) = -j**2 - 2*j + 3. Determine y(b).
-5
Let n(k) be the first derivative of -1/2*k**2 + 3 - 23*k. What is n(0)?
-23
Let m(y) = 2*y**3 - 3*y**2 + y + 3. Let h = 54 + -57. Let j(g) = g**3 - g. Let v(b) = h*j(b) + m(b). Calculate v(-4).
3
Let c(j) = -2*j + 4. Suppose 5*m + 0*m = 0. Let f be c(m). Suppose -f*d + 8 = 4*r, -5*r = d + 1 - 3. Let h(t) = t**3 - t**2 - 3*t + 1. Give h(d).
-1
Let i(s) be the first derivative of -s**4/4 - 8*s**3/3 - 4*s**2 - s - 1. What is i(-7)?
6
Let m(j) = 16*j - 5. Let w(i) = -11*i + 3. Let b(o) = -5*m(o) - 8*w(o). Determine b(3).
25
Suppose 16 = 2*p - 8*d + 3*d, -2*p - d = -40. Let r(g) = -2*g**2 + 35*g + 22. What is r(p)?
4
Let q(y) be the second derivative of -2*y - 3/2*y**2 + 1/6*y**3 + 0. Let m = 842 + -839. What is q(m)?
0
Let l(u) = 6*u**2 + 2. Let p(k) = 13*k**2 - k + 4. Suppose 9*o = 25*o - 32. Let m(z) = o*p(z) - 5*l(z). Determine m(-2).
-14
Let o(l) be the first derivative of -7*l**3/3 - 3*l**2/2 + 2*l + 9. Let k(h) = -20*h**2 - 8*h + 6. Let q(g) = -6*k(g) + 17*o(g). Determine q(2).
-4
Let w(q) = -q + 2*q + 2*q + 2. What is w(3)?
11
Let o(x) = 5*x**3 - 2*x + 1. Let s(b) = -59*b - 179. Let a be s(-3). Calculate o(a).
-35
Let g(x) = -x**2 - 11*x - 10. Suppose 4*c - 231 = -271. Give g(c).
0
Let p(v) = -2*v**3 + 4*v - 3*v**2 + 3 + 5*v**3 - 4*v**3. Suppose -20*n + 20 = -25*n. Give p(n).
3
Let s(u) = -2*u**3 - 3*u**2 - 3*u. Let c(m) = 2*m**2 - 249*m - m**3 + 248*m - 2*m**3. Let h = 1 - 0. Let j be c(h). Give s(j).
10
Let i(t) be the second derivative of 0*t**3 + 0*t**2 - 21*t - 1/6*t**4 + 0. Calculate i(2).
-8
Let i(j) = -2*j**3 + j**2 + 4*j - 1. Let s(l) = -l**2 - 12*l + 15. Let a be s(-13). Let h be i(a). Let g(q) = q**2 + 7*q - 1. What is g(h)?
-11
Let g(q) = 46*q + 1. Let v be 2/(10/5)*-1. Calculate g(v).
-45
Let m = -19 - -27. Let h = m - 4. Let t(a) = -h*a + 5 - 1 + 3*a + 2. Give t(5).
1
Let u(m) be the third derivative of 7*m**6/720 + m**5/120 + m**4/12 + 2*m**2. Let w(x) be the second derivative of u(x). Suppose 3*h = 4*h + 1. Calculate w(h).
-6
Suppose i + 5*i = 0. Let f be (i + 0)*13/26. Let c(x) = -x**2 + 4. Determine c(f).
4
Let h(q) = -q + 2. Let b be h(-11). Let a(x) = b*x + 1 + 8*x - 14*x. Let t = 42 + -40. What is a(t)?
15
Let g(a) be the third derivative of -1/60*a**5 + 0*a + 0 + 1/4*a**4 - 6*a**2 - 1/3*a**3. Let l(m) be the first derivative of g(m). Determine l(5).
-4
Let d(r) = 4*r**3 - 11*r**2 + 19*r - 5. Let m(p) = -3*p**3 + 12*p**2 - 17*p + 4. Let h(t) = 2*d(t) + 3*m(t). Determine h(13).
2
Let o(k) be the first derivative of 0*k - 1 + 3/2*k**2. Suppose -d - 10 = -12. Give o(d).
6
Let u be 63/(-35) + 8/10 + 6. Suppose -r = i + u, -2*r = 4 + 6. Let p(a) = -a**2 - a - 6. Give p(i).
-6
Let y(t) = 7*t**2 - t - 2. Let v be y(-1). Let l be (3 - 22/v)*-6. Let r be l/(-12) + 8/(-12). Let s(n) = -4*n**3 + 2*n**2 - 1. What is s(r)?
5
Let g(v) = v**2 - 6*v - 1. Suppose 6*a - 3*a - 12 = 0. Suppose -27 = -a*r - 7. What is g(r)?
-6
Let y(j) = j**3 + 6*j**2 - 3 - 3*j - 2*j - 7 + 16. Give y(-7).
-8
Let v(q) = -q**2 - 25*q + 43*q - 20 + 0*q. Calculate v(17).
-3
Suppose 0 = -4*q + 4*w - 16, -10*w + 5*w - 28 = 3*q. Let p(u) be the third derivative of u**4/12 + 2*u**3/3 + 12*u**2. What is p(q)?
-8
Let t(u) = 8*u - 1. Let k be 4*(-6)/(-60)*5 - -1. What is t(k)?
23
Suppose -4*a - 9 = 5*g, -5 = -a + 6*a + 5*g. Let j(y) = 4 + y - 3 - 2*y. Give j(a).
-3
Let p be 6/(-4)*((-11)/(-3) - 11). Let d(w) = -w + 6. What is d(p)?
-5
Let k(b) be the first derivative of -b**6/360 + b**5/30 - b**4/12 + 2*b**3 + 5*b**2/2 + 48. Let a(w) be the third derivative of k(w). Give a(6).
-14
Suppose k + 18 = -21*a + 18*a, 4*k - 8 = 4*a. Let r(z) = -z**3 + 5*z - 2. Give r(k).
10
Let s be ((-72)/126)/(1/(21/(-6))). Let d(t) be the second derivative of 1/6*t**3 - 1/20*t**5 - 8*t + 1/12*t**4 - 3/2*t**s + 0. What is d(0)?
-3
Suppose -y + 1 = -2*y. Let h be 1*-1 - (-1 - y). Let w(n) = -n**2 + 42*n. Let c(d) = -6*d**2 - 170*d - 1. Let a(m) = -c(m) - 4*w(m). What is a(h)?
9
Let x(p) = p**2 + 7*p + 9. Suppose -3 = s + 3. Calculate x(s).
3
Let i be (-1236)/72 + (-2)/(-12) + 8. Let v(o) = -o**3 - 8*o**2 + 11*o - 8. Determine v(i).
-26
Let v = -21 - -34. Let k(w) = -w + w**2 - v - w - 3*w + 4*w. What is k(0)?
-13
Suppose -4*h + 8*h + 24 = -4*q, q - 3*h = -2. Let l(k) = -k**3 - 7*k**2 - 7*k - 7. What is l(q)?
-22
Suppose 4*r = -5*x - 20, -2*r = -5*r - 5*x - 15. Let s(n) = -3*n - 9. What is s(r)?
6
Let u(z) = z**2 + 552 + 17*z - 562 - 17*z. What is u(-8)?
54
Let l(s) = 3*s**3 + 8*s**2 + 5*s + 3. Let r(o) = -13*o**3 - 33*o**2 - 21*o - 11. Let h(y) = -9*l(y) - 2*r(y). Give h(-5).
-15
Let c(u) be the second derivative of u**4/12 + 2*u**3/3 + 3*u**2/2 - 2*u. Let d be c(-4). Let v(i) = 0 + 1 - i - 13*i**d - 2 - i**2. Determin